{"id":2939,"date":"2022-10-28T14:45:08","date_gmt":"2022-10-28T12:45:08","guid":{"rendered":"https:\/\/lehangarzero.fr\/?post_type=mec-events&#038;p=2939"},"modified":"2022-10-28T14:45:08","modified_gmt":"2022-10-28T12:45:08","slug":"salon-reinventif","status":"publish","type":"mec-events","link":"https:\/\/lehangarzero.fr\/en\/events\/salon-reinventif\/","title":{"rendered":"Salon r\u00e9inventif\u00a0"},"content":{"rendered":"<p>R\u00e9inventif est LE salon du r\u00e9emploi du Havre. Organis\u00e9 par Communaut\u00e9 urbaine Le Havre Seine M\u00e9tropole, ce salon expose des travaux d&rsquo;artistes int\u00e9grant le r\u00e9emploi et le recyclage, propose des espaces de vente d&rsquo;objets d&rsquo;occasion et vintageet des stands d&rsquo;acteurs locaux \u0153uvrant pour le r\u00e9emploi ! Le Hangar Z\u00e9ro y tient un stand et Fran\u00e7ois Guillotte, Sabrina Froget du Comptoire du macram\u00e9 et Eric Lefebvre de l&rsquo;Atelier du carreau animeront des ateliers sur les trois jours.<\/p>\n<p>&nbsp;<\/p>\n<p>25, 26, 27 novembre de 10h \u00e0 19h<\/p>\n<p>au Fort! rue du 329\u00e8me R\u00e9giment d&rsquo;Infanterie au Havre.<\/p>","protected":false},"excerpt":{"rendered":"<p>R\u00e9inventif est LE salon du r\u00e9emploi du Havre. Organis\u00e9 par Communaut\u00e9 urbaine Le Havre Seine M\u00e9tropole, ce salon expose des travaux d&rsquo;artistes int\u00e9grant le r\u00e9emploi et le recyclage, propose des espaces de vente d&rsquo;objets d&rsquo;occasion et vintageet des stands d&rsquo;acteurs locaux \u0153uvrant pour le r\u00e9emploi ! Le Hangar Z\u00e9ro y tient un stand et Fran\u00e7ois &hellip;<\/p>\n<p class=\"read-more\"> <a class=\"\" href=\"https:\/\/lehangarzero.fr\/en\/events\/salon-reinventif\/\"> <span class=\"screen-reader-text\">Salon r\u00e9inventif\u00a0<\/span> Read More &raquo;<\/a><\/p>","protected":false},"author":1,"featured_media":0,"comment_status":"open","ping_status":"closed","template":"","tags":[],"mec_category":[],"class_list":["post-2939","mec-events","type-mec-events","status-publish","hentry"],"yoast_head":"<!-- This site is optimized with the Yoast SEO plugin v27.5 - https:\/\/yoast.com\/product\/yoast-seo-wordpress\/ -->\n<title>Salon r\u00e9inventif\u00a0 - Le Hangar Z\u00e9ro<\/title>\n<meta name=\"robots\" content=\"index, follow, max-snippet:-1, max-image-preview:large, max-video-preview:-1\" \/>\n<link rel=\"canonical\" href=\"https:\/\/lehangarzero.fr\/en\/events\/salon-reinventif\/\" \/>\n<meta property=\"og:locale\" content=\"en_US\" \/>\n<meta property=\"og:type\" content=\"article\" \/>\n<meta property=\"og:title\" content=\"Salon r\u00e9inventif\u00a0 - Le Hangar Z\u00e9ro\" \/>\n<meta property=\"og:description\" content=\"R\u00e9inventif est LE salon du r\u00e9emploi du Havre. Organis\u00e9 par Communaut\u00e9 urbaine Le Havre Seine M\u00e9tropole, ce salon expose des travaux d&rsquo;artistes int\u00e9grant le r\u00e9emploi et le recyclage, propose des espaces de vente d&rsquo;objets d&rsquo;occasion et vintageet des stands d&rsquo;acteurs locaux \u0153uvrant pour le r\u00e9emploi ! Le Hangar Z\u00e9ro y tient un stand et Fran\u00e7ois &hellip; Salon r\u00e9inventif\u00a0 Read More &raquo;\" \/>\n<meta property=\"og:url\" content=\"https:\/\/lehangarzero.fr\/en\/events\/salon-reinventif\/\" \/>\n<meta property=\"og:site_name\" content=\"Le Hangar Z\u00e9ro\" \/>\n<meta name=\"twitter:card\" content=\"summary_large_image\" \/>\n<meta name=\"twitter:label1\" content=\"Est. reading time\" \/>\n\t<meta name=\"twitter:data1\" content=\"1 minute\" \/>\n<script type=\"application\/ld+json\" class=\"yoast-schema-graph\">{\"@context\":\"https:\\\/\\\/schema.org\",\"@graph\":[{\"@type\":\"WebPage\",\"@id\":\"https:\\\/\\\/lehangarzero.fr\\\/events\\\/salon-reinventif\\\/\",\"url\":\"https:\\\/\\\/lehangarzero.fr\\\/events\\\/salon-reinventif\\\/\",\"name\":\"Salon r\u00e9inventif\u00a0 - Le Hangar Z\u00e9ro\",\"isPartOf\":{\"@id\":\"https:\\\/\\\/lehangarzero.fr\\\/#website\"},\"datePublished\":\"2022-10-28T12:45:08+00:00\",\"breadcrumb\":{\"@id\":\"https:\\\/\\\/lehangarzero.fr\\\/events\\\/salon-reinventif\\\/#breadcrumb\"},\"inLanguage\":\"en-US\",\"potentialAction\":[{\"@type\":\"ReadAction\",\"target\":[\"https:\\\/\\\/lehangarzero.fr\\\/events\\\/salon-reinventif\\\/\"]}]},{\"@type\":\"BreadcrumbList\",\"@id\":\"https:\\\/\\\/lehangarzero.fr\\\/events\\\/salon-reinventif\\\/#breadcrumb\",\"itemListElement\":[{\"@type\":\"ListItem\",\"position\":1,\"name\":\"Accueil\",\"item\":\"https:\\\/\\\/lehangarzero.fr\\\/\"},{\"@type\":\"ListItem\",\"position\":2,\"name\":\"\u00c9venements\",\"item\":\"https:\\\/\\\/lehangarzero.fr\\\/events\\\/\"},{\"@type\":\"ListItem\",\"position\":3,\"name\":\"Salon r\u00e9inventif\u00a0\"}]},{\"@type\":\"WebSite\",\"@id\":\"https:\\\/\\\/lehangarzero.fr\\\/#website\",\"url\":\"https:\\\/\\\/lehangarzero.fr\\\/\",\"name\":\"Le Hangar Z\u00e9ro\",\"description\":\"Le laboratoire de la transition \u00e9cologique et citoyenne\",\"publisher\":{\"@id\":\"https:\\\/\\\/lehangarzero.fr\\\/#organization\"},\"potentialAction\":[{\"@type\":\"SearchAction\",\"target\":{\"@type\":\"EntryPoint\",\"urlTemplate\":\"https:\\\/\\\/lehangarzero.fr\\\/?s={search_term_string}\"},\"query-input\":{\"@type\":\"PropertyValueSpecification\",\"valueRequired\":true,\"valueName\":\"search_term_string\"}}],\"inLanguage\":\"en-US\"},{\"@type\":\"Organization\",\"@id\":\"https:\\\/\\\/lehangarzero.fr\\\/#organization\",\"name\":\"Le Hangar Z\u00e9ro\",\"url\":\"https:\\\/\\\/lehangarzero.fr\\\/\",\"logo\":{\"@type\":\"ImageObject\",\"inLanguage\":\"en-US\",\"@id\":\"https:\\\/\\\/lehangarzero.fr\\\/#\\\/schema\\\/logo\\\/image\\\/\",\"url\":\"https:\\\/\\\/lehangarzero.fr\\\/wp-content\\\/uploads\\\/2022\\\/02\\\/cropped-cropped-logo-hz-blanc-1536x977-1.png\",\"contentUrl\":\"https:\\\/\\\/lehangarzero.fr\\\/wp-content\\\/uploads\\\/2022\\\/02\\\/cropped-cropped-logo-hz-blanc-1536x977-1.png\",\"width\":\"1536\",\"height\":\"977\",\"caption\":\"Le Hangar Z\u00e9ro\"},\"image\":{\"@id\":\"https:\\\/\\\/lehangarzero.fr\\\/#\\\/schema\\\/logo\\\/image\\\/\"}}]}<\/script>\n<!-- \/ Yoast SEO plugin. -->","yoast_head_json":{"title":"Salon r\u00e9inventif\u00a0 - Le Hangar Z\u00e9ro","robots":{"index":"index","follow":"follow","max-snippet":"max-snippet:-1","max-image-preview":"max-image-preview:large","max-video-preview":"max-video-preview:-1"},"canonical":"https:\/\/lehangarzero.fr\/en\/events\/salon-reinventif\/","og_locale":"en_US","og_type":"article","og_title":"Salon r\u00e9inventif\u00a0 - Le Hangar Z\u00e9ro","og_description":"R\u00e9inventif est LE salon du r\u00e9emploi du Havre. Organis\u00e9 par Communaut\u00e9 urbaine Le Havre Seine M\u00e9tropole, ce salon expose des travaux d&rsquo;artistes int\u00e9grant le r\u00e9emploi et le recyclage, propose des espaces de vente d&rsquo;objets d&rsquo;occasion et vintageet des stands d&rsquo;acteurs locaux \u0153uvrant pour le r\u00e9emploi ! Le Hangar Z\u00e9ro y tient un stand et Fran\u00e7ois &hellip; Salon r\u00e9inventif\u00a0 Read More &raquo;","og_url":"https:\/\/lehangarzero.fr\/en\/events\/salon-reinventif\/","og_site_name":"Le Hangar Z\u00e9ro","twitter_card":"summary_large_image","twitter_misc":{"Est. reading time":"1 minute"},"schema":{"@context":"https:\/\/schema.org","@graph":[{"@type":"WebPage","@id":"https:\/\/lehangarzero.fr\/events\/salon-reinventif\/","url":"https:\/\/lehangarzero.fr\/events\/salon-reinventif\/","name":"Salon r\u00e9inventif\u00a0 - Le Hangar Z\u00e9ro","isPartOf":{"@id":"https:\/\/lehangarzero.fr\/#website"},"datePublished":"2022-10-28T12:45:08+00:00","breadcrumb":{"@id":"https:\/\/lehangarzero.fr\/events\/salon-reinventif\/#breadcrumb"},"inLanguage":"en-US","potentialAction":[{"@type":"ReadAction","target":["https:\/\/lehangarzero.fr\/events\/salon-reinventif\/"]}]},{"@type":"BreadcrumbList","@id":"https:\/\/lehangarzero.fr\/events\/salon-reinventif\/#breadcrumb","itemListElement":[{"@type":"ListItem","position":1,"name":"Accueil","item":"https:\/\/lehangarzero.fr\/"},{"@type":"ListItem","position":2,"name":"\u00c9venements","item":"https:\/\/lehangarzero.fr\/events\/"},{"@type":"ListItem","position":3,"name":"Salon r\u00e9inventif\u00a0"}]},{"@type":"WebSite","@id":"https:\/\/lehangarzero.fr\/#website","url":"https:\/\/lehangarzero.fr\/","name":"Le Hangar Z\u00e9ro","description":"Le laboratoire de la transition \u00e9cologique et citoyenne","publisher":{"@id":"https:\/\/lehangarzero.fr\/#organization"},"potentialAction":[{"@type":"SearchAction","target":{"@type":"EntryPoint","urlTemplate":"https:\/\/lehangarzero.fr\/?s={search_term_string}"},"query-input":{"@type":"PropertyValueSpecification","valueRequired":true,"valueName":"search_term_string"}}],"inLanguage":"en-US"},{"@type":"Organization","@id":"https:\/\/lehangarzero.fr\/#organization","name":"Le Hangar Z\u00e9ro","url":"https:\/\/lehangarzero.fr\/","logo":{"@type":"ImageObject","inLanguage":"en-US","@id":"https:\/\/lehangarzero.fr\/#\/schema\/logo\/image\/","url":"https:\/\/lehangarzero.fr\/wp-content\/uploads\/2022\/02\/cropped-cropped-logo-hz-blanc-1536x977-1.png","contentUrl":"https:\/\/lehangarzero.fr\/wp-content\/uploads\/2022\/02\/cropped-cropped-logo-hz-blanc-1536x977-1.png","width":"1536","height":"977","caption":"Le Hangar Z\u00e9ro"},"image":{"@id":"https:\/\/lehangarzero.fr\/#\/schema\/logo\/image\/"}}]}},"_links":{"self":[{"href":"https:\/\/lehangarzero.fr\/en\/wp-json\/wp\/v2\/mec-events\/2939","targetHints":{"allow":["GET"]}}],"collection":[{"href":"https:\/\/lehangarzero.fr\/en\/wp-json\/wp\/v2\/mec-events"}],"about":[{"href":"https:\/\/lehangarzero.fr\/en\/wp-json\/wp\/v2\/types\/mec-events"}],"author":[{"embeddable":true,"href":"https:\/\/lehangarzero.fr\/en\/wp-json\/wp\/v2\/users\/1"}],"replies":[{"embeddable":true,"href":"https:\/\/lehangarzero.fr\/en\/wp-json\/wp\/v2\/comments?post=2939"}],"wp:attachment":[{"href":"https:\/\/lehangarzero.fr\/en\/wp-json\/wp\/v2\/media?parent=2939"}],"wp:term":[{"taxonomy":"post_tag","embeddable":true,"href":"https:\/\/lehangarzero.fr\/en\/wp-json\/wp\/v2\/tags?post=2939"},{"taxonomy":"mec_category","embeddable":true,"href":"https:\/\/lehangarzero.fr\/en\/wp-json\/wp\/v2\/mec_category?post=2939"}],"curies":[{"name":"wp","href":"https:\/\/api.w.org\/{rel}","templated":true}]}}

Salon réinventif

<p>Réinventif est LE salon du réemploi du Havre. Organisé par Communauté urbaine Le Havre Seine Métropole, ce salon expose des travaux d&rsquo;artistes intégrant le réemploi et le recyclage, propose des espaces de vente d&rsquo;objets d&rsquo;occasion et vintageet des stands d&rsquo;acteurs locaux œuvrant pour le réemploi ! Le Hangar Zéro y tient un stand et François Guillotte, Sabrina Froget du Comptoire du macramé et Eric Lefebvre de l&rsquo;Atelier du carreau animeront des ateliers sur les trois jours.</p>
<p>&nbsp;</p>
<p>25, 26, 27 novembre de 10h à 19h</p>
<p>au Fort! rue du 329ème Régiment d&rsquo;Infanterie au Havre.</p>

<p>Réinventif est LE salon du réemploi du Havre. Organisé par Communauté urbaine Le Havre Seine Métropole, ce salon expose des travaux d&rsquo;artistes intégrant le réemploi et le recyclage, propose des espaces de vente d&rsquo;objets d&rsquo;occasion et vintageet des stands d&rsquo;acteurs locaux œuvrant pour le réemploi ! Le Hangar Zéro y tient un stand et François &hellip;</p>
<p class="read-more"> <a class="" href="https://lehangarzero.fr/en/events/salon-reinventif/"> <span class="screen-reader-text">Salon réinventif </span> Read More &raquo;</a></p>

<!-- This site is optimized with the Yoast SEO plugin v27.5 - https://yoast.com/product/yoast-seo-wordpress/ -->
<title>Salon réinventif  - Le Hangar Zéro</title>
<meta name="robots" content="index, follow, max-snippet:-1, max-image-preview:large, max-video-preview:-1" />
<link rel="canonical" href="https://lehangarzero.fr/en/events/salon-reinventif/" />
<meta property="og:locale" content="en_US" />
<meta property="og:type" content="article" />
<meta property="og:title" content="Salon réinventif  - Le Hangar Zéro" />
<meta property="og:description" content="Réinventif est LE salon du réemploi du Havre. Organisé par Communauté urbaine Le Havre Seine Métropole, ce salon expose des travaux d&rsquo;artistes intégrant le réemploi et le recyclage, propose des espaces de vente d&rsquo;objets d&rsquo;occasion et vintageet des stands d&rsquo;acteurs locaux œuvrant pour le réemploi ! Le Hangar Zéro y tient un stand et François &hellip; Salon réinventif  Read More &raquo;" />
<meta property="og:url" content="https://lehangarzero.fr/en/events/salon-reinventif/" />
<meta property="og:site_name" content="Le Hangar Zéro" />
<meta name="twitter:card" content="summary_large_image" />
<meta name="twitter:label1" content="Est. reading time" />
	<meta name="twitter:data1" content="1 minute" />
<script type="application/ld+json" class="yoast-schema-graph">{"@context":"https:\/\/schema.org","@graph":[{"@type":"WebPage","@id":"https:\/\/lehangarzero.fr\/events\/salon-reinventif\/","url":"https:\/\/lehangarzero.fr\/events\/salon-reinventif\/","name":"Salon réinventif  - Le Hangar Zéro","isPartOf":{"@id":"https:\/\/lehangarzero.fr\/#website"},"datePublished":"2022-10-28T12:45:08+00:00","breadcrumb":{"@id":"https:\/\/lehangarzero.fr\/events\/salon-reinventif\/#breadcrumb"},"inLanguage":"en-US","potentialAction":[{"@type":"ReadAction","target":["https:\/\/lehangarzero.fr\/events\/salon-reinventif\/"]}]},{"@type":"BreadcrumbList","@id":"https:\/\/lehangarzero.fr\/events\/salon-reinventif\/#breadcrumb","itemListElement":[{"@type":"ListItem","position":1,"name":"Accueil","item":"https:\/\/lehangarzero.fr\/"},{"@type":"ListItem","position":2,"name":"Évenements","item":"https:\/\/lehangarzero.fr\/events\/"},{"@type":"ListItem","position":3,"name":"Salon réinventif "}]},{"@type":"WebSite","@id":"https:\/\/lehangarzero.fr\/#website","url":"https:\/\/lehangarzero.fr\/","name":"Le Hangar Zéro","description":"Le laboratoire de la transition écologique et citoyenne","publisher":{"@id":"https:\/\/lehangarzero.fr\/#organization"},"potentialAction":[{"@type":"SearchAction","target":{"@type":"EntryPoint","urlTemplate":"https:\/\/lehangarzero.fr\/?s={search_term_string}"},"query-input":{"@type":"PropertyValueSpecification","valueRequired":true,"valueName":"search_term_string"}}],"inLanguage":"en-US"},{"@type":"Organization","@id":"https:\/\/lehangarzero.fr\/#organization","name":"Le Hangar Zéro","url":"https:\/\/lehangarzero.fr\/","logo":{"@type":"ImageObject","inLanguage":"en-US","@id":"https:\/\/lehangarzero.fr\/#\/schema\/logo\/image\/","url":"https:\/\/lehangarzero.fr\/wp-content\/uploads\/2022\/02\/cropped-cropped-logo-hz-blanc-1536x977-1.png","contentUrl":"https:\/\/lehangarzero.fr\/wp-content\/uploads\/2022\/02\/cropped-cropped-logo-hz-blanc-1536x977-1.png","width":"1536","height":"977","caption":"Le Hangar Zéro"},"image":{"@id":"https:\/\/lehangarzero.fr\/#\/schema\/logo\/image\/"}}]}</script>
<!-- / Yoast SEO plugin. -->

Salon réinventif  - Le Hangar Zéro

Réinventif est LE salon du réemploi du Havre. Organisé par Communauté urbaine Le Havre Seine Métropole, ce salon expose des travaux d&rsquo;artistes intégrant le réemploi et le recyclage, propose des espaces de vente d&rsquo;objets d&rsquo;occasion et vintageet des stands d&rsquo;acteurs locaux œuvrant pour le réemploi ! Le Hangar Zéro y tient un stand et François &hellip; Salon réinventif  Read More &raquo;

Le Hangar Zéro

Évenements

Le laboratoire de la transition écologique et citoyenne
