{"id":9083,"date":"2026-03-11T17:15:27","date_gmt":"2026-03-11T16:15:27","guid":{"rendered":"https:\/\/lehangarzero.fr\/events\/%f0%9f%8e%b8-concert-rock-stone-everlong-%f0%9f%8e%b8\/"},"modified":"2026-03-11T17:15:40","modified_gmt":"2026-03-11T16:15:40","slug":"%f0%9f%8e%b8-concert-rock-stone-everlong-%f0%9f%8e%b8","status":"publish","type":"mec-events","link":"https:\/\/lehangarzero.fr\/en\/events\/%f0%9f%8e%b8-concert-rock-stone-everlong-%f0%9f%8e%b8\/","title":{"rendered":"\ud83c\udfb8 Concert Rock \u2013 Stone Everlong \ud83c\udfb8"},"content":{"rendered":"<p>\ud83c\udfb8 Concert Rock \u2013 Stone Everlong \ud83c\udfb8<\/p>\n<p>\u00c0 l\u2019occasion de la F\u00eate du Hangar, venez vibrer au son du rock avec Stone Everlong !<\/p>\n<p>\ud83d\uddd3 Vendredi 20 mars<br \/>\n\ud83d\udd58 De 21h30 \u00e0 23h<br \/>\n\ud83d\udccd Au Hangar Z\u00e9ro &#8211; Le Havre<\/p>\n<p>Pr\u00e9parez-vous pour une soir\u00e9e \u00e9nergique avec ce groupe de rock qui va faire monter l\u2019ambiance et vous faire chanter jusqu\u2019au bout de la nuit.<\/p>\n<p>Amis, musique live et bonne humeur : tous les ingr\u00e9dients seront r\u00e9unis pour une soir\u00e9e inoubliable !<\/p>\n<p>On vous attend nombreux ! \ud83e\udd18<\/p>","protected":false},"excerpt":{"rendered":"<p>\ud83c\udfb8 Concert Rock \u2013 Stone Everlong \ud83c\udfb8 \u00c0 l\u2019occasion de la F\u00eate du Hangar, venez vibrer au son du rock avec Stone Everlong ! \ud83d\uddd3 Vendredi 20 mars \ud83d\udd58 De 21h30 \u00e0 23h \ud83d\udccd Au Hangar Z\u00e9ro &#8211; Le Havre Pr\u00e9parez-vous pour une soir\u00e9e \u00e9nergique avec ce groupe de rock qui va faire monter l\u2019ambiance &hellip;<\/p>\n<p class=\"read-more\"> <a class=\"\" href=\"https:\/\/lehangarzero.fr\/en\/events\/%f0%9f%8e%b8-concert-rock-stone-everlong-%f0%9f%8e%b8\/\"> <span class=\"screen-reader-text\">\ud83c\udfb8 Concert Rock \u2013 Stone Everlong \ud83c\udfb8<\/span> Read More &raquo;<\/a><\/p>","protected":false},"author":1,"featured_media":0,"comment_status":"open","ping_status":"closed","template":"","tags":[],"mec_category":[23],"class_list":["post-9083","mec-events","type-mec-events","status-publish","hentry","mec_category-fete-des-saisons"],"yoast_head":"<!-- This site is optimized with the Yoast SEO plugin v27.5 - https:\/\/yoast.com\/product\/yoast-seo-wordpress\/ -->\n<title>\ud83c\udfb8 Concert Rock \u2013 Stone Everlong \ud83c\udfb8 - Le Hangar Z\u00e9ro<\/title>\n<meta name=\"robots\" content=\"index, follow, max-snippet:-1, max-image-preview:large, max-video-preview:-1\" \/>\n<link rel=\"canonical\" href=\"https:\/\/lehangarzero.fr\/en\/events\/\ud83c\udfb8-concert-rock-stone-everlong-\ud83c\udfb8\/\" \/>\n<meta property=\"og:locale\" content=\"en_US\" \/>\n<meta property=\"og:type\" content=\"article\" \/>\n<meta property=\"og:title\" content=\"\ud83c\udfb8 Concert Rock \u2013 Stone Everlong \ud83c\udfb8 - Le Hangar Z\u00e9ro\" \/>\n<meta property=\"og:description\" content=\"\ud83c\udfb8 Concert Rock \u2013 Stone Everlong \ud83c\udfb8 \u00c0 l\u2019occasion de la F\u00eate du Hangar, venez vibrer au son du rock avec Stone Everlong ! \ud83d\uddd3 Vendredi 20 mars \ud83d\udd58 De 21h30 \u00e0 23h \ud83d\udccd Au Hangar Z\u00e9ro &#8211; Le Havre Pr\u00e9parez-vous pour une soir\u00e9e \u00e9nergique avec ce groupe de rock qui va faire monter l\u2019ambiance &hellip; \ud83c\udfb8 Concert Rock \u2013 Stone Everlong \ud83c\udfb8 Read More &raquo;\" \/>\n<meta property=\"og:url\" content=\"https:\/\/lehangarzero.fr\/en\/events\/\ud83c\udfb8-concert-rock-stone-everlong-\ud83c\udfb8\/\" \/>\n<meta property=\"og:site_name\" content=\"Le Hangar Z\u00e9ro\" \/>\n<meta property=\"article:modified_time\" content=\"2026-03-11T16:15:40+00:00\" \/>\n<meta name=\"twitter:card\" content=\"summary_large_image\" \/>\n<meta name=\"twitter:label1\" content=\"Est. reading time\" \/>\n\t<meta name=\"twitter:data1\" content=\"1 minute\" \/>\n<script type=\"application\/ld+json\" class=\"yoast-schema-graph\">{\"@context\":\"https:\\\/\\\/schema.org\",\"@graph\":[{\"@type\":\"WebPage\",\"@id\":\"https:\\\/\\\/lehangarzero.fr\\\/events\\\/%f0%9f%8e%b8-concert-rock-stone-everlong-%f0%9f%8e%b8\\\/\",\"url\":\"https:\\\/\\\/lehangarzero.fr\\\/events\\\/%f0%9f%8e%b8-concert-rock-stone-everlong-%f0%9f%8e%b8\\\/\",\"name\":\"\ud83c\udfb8 Concert Rock \u2013 Stone Everlong \ud83c\udfb8 - Le Hangar Z\u00e9ro\",\"isPartOf\":{\"@id\":\"https:\\\/\\\/lehangarzero.fr\\\/#website\"},\"datePublished\":\"2026-03-11T16:15:27+00:00\",\"dateModified\":\"2026-03-11T16:15:40+00:00\",\"breadcrumb\":{\"@id\":\"https:\\\/\\\/lehangarzero.fr\\\/events\\\/%f0%9f%8e%b8-concert-rock-stone-everlong-%f0%9f%8e%b8\\\/#breadcrumb\"},\"inLanguage\":\"en-US\",\"potentialAction\":[{\"@type\":\"ReadAction\",\"target\":[\"https:\\\/\\\/lehangarzero.fr\\\/events\\\/%f0%9f%8e%b8-concert-rock-stone-everlong-%f0%9f%8e%b8\\\/\"]}]},{\"@type\":\"BreadcrumbList\",\"@id\":\"https:\\\/\\\/lehangarzero.fr\\\/events\\\/%f0%9f%8e%b8-concert-rock-stone-everlong-%f0%9f%8e%b8\\\/#breadcrumb\",\"itemListElement\":[{\"@type\":\"ListItem\",\"position\":1,\"name\":\"Accueil\",\"item\":\"https:\\\/\\\/lehangarzero.fr\\\/\"},{\"@type\":\"ListItem\",\"position\":2,\"name\":\"\u00c9venements\",\"item\":\"https:\\\/\\\/lehangarzero.fr\\\/events\\\/\"},{\"@type\":\"ListItem\",\"position\":3,\"name\":\"\ud83c\udfb8 Concert Rock \u2013 Stone Everlong \ud83c\udfb8\"}]},{\"@type\":\"WebSite\",\"@id\":\"https:\\\/\\\/lehangarzero.fr\\\/#website\",\"url\":\"https:\\\/\\\/lehangarzero.fr\\\/\",\"name\":\"Le Hangar Z\u00e9ro\",\"description\":\"Le laboratoire de la transition \u00e9cologique et citoyenne\",\"publisher\":{\"@id\":\"https:\\\/\\\/lehangarzero.fr\\\/#organization\"},\"potentialAction\":[{\"@type\":\"SearchAction\",\"target\":{\"@type\":\"EntryPoint\",\"urlTemplate\":\"https:\\\/\\\/lehangarzero.fr\\\/?s={search_term_string}\"},\"query-input\":{\"@type\":\"PropertyValueSpecification\",\"valueRequired\":true,\"valueName\":\"search_term_string\"}}],\"inLanguage\":\"en-US\"},{\"@type\":\"Organization\",\"@id\":\"https:\\\/\\\/lehangarzero.fr\\\/#organization\",\"name\":\"Le Hangar Z\u00e9ro\",\"url\":\"https:\\\/\\\/lehangarzero.fr\\\/\",\"logo\":{\"@type\":\"ImageObject\",\"inLanguage\":\"en-US\",\"@id\":\"https:\\\/\\\/lehangarzero.fr\\\/#\\\/schema\\\/logo\\\/image\\\/\",\"url\":\"https:\\\/\\\/lehangarzero.fr\\\/wp-content\\\/uploads\\\/2022\\\/02\\\/cropped-cropped-logo-hz-blanc-1536x977-1.png\",\"contentUrl\":\"https:\\\/\\\/lehangarzero.fr\\\/wp-content\\\/uploads\\\/2022\\\/02\\\/cropped-cropped-logo-hz-blanc-1536x977-1.png\",\"width\":\"1536\",\"height\":\"977\",\"caption\":\"Le Hangar Z\u00e9ro\"},\"image\":{\"@id\":\"https:\\\/\\\/lehangarzero.fr\\\/#\\\/schema\\\/logo\\\/image\\\/\"}}]}<\/script>\n<!-- \/ Yoast SEO plugin. -->","yoast_head_json":{"title":"\ud83c\udfb8 Concert Rock \u2013 Stone Everlong \ud83c\udfb8 - Le Hangar Z\u00e9ro","robots":{"index":"index","follow":"follow","max-snippet":"max-snippet:-1","max-image-preview":"max-image-preview:large","max-video-preview":"max-video-preview:-1"},"canonical":"https:\/\/lehangarzero.fr\/en\/events\/\ud83c\udfb8-concert-rock-stone-everlong-\ud83c\udfb8\/","og_locale":"en_US","og_type":"article","og_title":"\ud83c\udfb8 Concert Rock \u2013 Stone Everlong \ud83c\udfb8 - Le Hangar Z\u00e9ro","og_description":"\ud83c\udfb8 Concert Rock \u2013 Stone Everlong \ud83c\udfb8 \u00c0 l\u2019occasion de la F\u00eate du Hangar, venez vibrer au son du rock avec Stone Everlong ! \ud83d\uddd3 Vendredi 20 mars \ud83d\udd58 De 21h30 \u00e0 23h \ud83d\udccd Au Hangar Z\u00e9ro &#8211; Le Havre Pr\u00e9parez-vous pour une soir\u00e9e \u00e9nergique avec ce groupe de rock qui va faire monter l\u2019ambiance &hellip; \ud83c\udfb8 Concert Rock \u2013 Stone Everlong \ud83c\udfb8 Read More &raquo;","og_url":"https:\/\/lehangarzero.fr\/en\/events\/\ud83c\udfb8-concert-rock-stone-everlong-\ud83c\udfb8\/","og_site_name":"Le Hangar Z\u00e9ro","article_modified_time":"2026-03-11T16:15:40+00:00","twitter_card":"summary_large_image","twitter_misc":{"Est. reading time":"1 minute"},"schema":{"@context":"https:\/\/schema.org","@graph":[{"@type":"WebPage","@id":"https:\/\/lehangarzero.fr\/events\/%f0%9f%8e%b8-concert-rock-stone-everlong-%f0%9f%8e%b8\/","url":"https:\/\/lehangarzero.fr\/events\/%f0%9f%8e%b8-concert-rock-stone-everlong-%f0%9f%8e%b8\/","name":"\ud83c\udfb8 Concert Rock \u2013 Stone Everlong \ud83c\udfb8 - Le Hangar Z\u00e9ro","isPartOf":{"@id":"https:\/\/lehangarzero.fr\/#website"},"datePublished":"2026-03-11T16:15:27+00:00","dateModified":"2026-03-11T16:15:40+00:00","breadcrumb":{"@id":"https:\/\/lehangarzero.fr\/events\/%f0%9f%8e%b8-concert-rock-stone-everlong-%f0%9f%8e%b8\/#breadcrumb"},"inLanguage":"en-US","potentialAction":[{"@type":"ReadAction","target":["https:\/\/lehangarzero.fr\/events\/%f0%9f%8e%b8-concert-rock-stone-everlong-%f0%9f%8e%b8\/"]}]},{"@type":"BreadcrumbList","@id":"https:\/\/lehangarzero.fr\/events\/%f0%9f%8e%b8-concert-rock-stone-everlong-%f0%9f%8e%b8\/#breadcrumb","itemListElement":[{"@type":"ListItem","position":1,"name":"Accueil","item":"https:\/\/lehangarzero.fr\/"},{"@type":"ListItem","position":2,"name":"\u00c9venements","item":"https:\/\/lehangarzero.fr\/events\/"},{"@type":"ListItem","position":3,"name":"\ud83c\udfb8 Concert Rock \u2013 Stone Everlong \ud83c\udfb8"}]},{"@type":"WebSite","@id":"https:\/\/lehangarzero.fr\/#website","url":"https:\/\/lehangarzero.fr\/","name":"Le Hangar Z\u00e9ro","description":"Le laboratoire de la transition \u00e9cologique et citoyenne","publisher":{"@id":"https:\/\/lehangarzero.fr\/#organization"},"potentialAction":[{"@type":"SearchAction","target":{"@type":"EntryPoint","urlTemplate":"https:\/\/lehangarzero.fr\/?s={search_term_string}"},"query-input":{"@type":"PropertyValueSpecification","valueRequired":true,"valueName":"search_term_string"}}],"inLanguage":"en-US"},{"@type":"Organization","@id":"https:\/\/lehangarzero.fr\/#organization","name":"Le Hangar Z\u00e9ro","url":"https:\/\/lehangarzero.fr\/","logo":{"@type":"ImageObject","inLanguage":"en-US","@id":"https:\/\/lehangarzero.fr\/#\/schema\/logo\/image\/","url":"https:\/\/lehangarzero.fr\/wp-content\/uploads\/2022\/02\/cropped-cropped-logo-hz-blanc-1536x977-1.png","contentUrl":"https:\/\/lehangarzero.fr\/wp-content\/uploads\/2022\/02\/cropped-cropped-logo-hz-blanc-1536x977-1.png","width":"1536","height":"977","caption":"Le Hangar Z\u00e9ro"},"image":{"@id":"https:\/\/lehangarzero.fr\/#\/schema\/logo\/image\/"}}]}},"_links":{"self":[{"href":"https:\/\/lehangarzero.fr\/en\/wp-json\/wp\/v2\/mec-events\/9083","targetHints":{"allow":["GET"]}}],"collection":[{"href":"https:\/\/lehangarzero.fr\/en\/wp-json\/wp\/v2\/mec-events"}],"about":[{"href":"https:\/\/lehangarzero.fr\/en\/wp-json\/wp\/v2\/types\/mec-events"}],"author":[{"embeddable":true,"href":"https:\/\/lehangarzero.fr\/en\/wp-json\/wp\/v2\/users\/1"}],"replies":[{"embeddable":true,"href":"https:\/\/lehangarzero.fr\/en\/wp-json\/wp\/v2\/comments?post=9083"}],"wp:attachment":[{"href":"https:\/\/lehangarzero.fr\/en\/wp-json\/wp\/v2\/media?parent=9083"}],"wp:term":[{"taxonomy":"post_tag","embeddable":true,"href":"https:\/\/lehangarzero.fr\/en\/wp-json\/wp\/v2\/tags?post=9083"},{"taxonomy":"mec_category","embeddable":true,"href":"https:\/\/lehangarzero.fr\/en\/wp-json\/wp\/v2\/mec_category?post=9083"}],"curies":[{"name":"wp","href":"https:\/\/api.w.org\/{rel}","templated":true}]}}

<p>🎸 Concert Rock – Stone Everlong 🎸</p>
<p>À l’occasion de la Fête du Hangar, venez vibrer au son du rock avec Stone Everlong !</p>
<p>🗓 Vendredi 20 mars<br />
🕘 De 21h30 à 23h<br />
📍 Au Hangar Zéro &#8211; Le Havre</p>
<p>Préparez-vous pour une soirée énergique avec ce groupe de rock qui va faire monter l’ambiance et vous faire chanter jusqu’au bout de la nuit.</p>
<p>Amis, musique live et bonne humeur : tous les ingrédients seront réunis pour une soirée inoubliable !</p>
<p>On vous attend nombreux ! 🤘</p>

<p>🎸 Concert Rock – Stone Everlong 🎸 À l’occasion de la Fête du Hangar, venez vibrer au son du rock avec Stone Everlong ! 🗓 Vendredi 20 mars 🕘 De 21h30 à 23h 📍 Au Hangar Zéro &#8211; Le Havre Préparez-vous pour une soirée énergique avec ce groupe de rock qui va faire monter l’ambiance &hellip;</p>
<p class="read-more"> <a class="" href="https://lehangarzero.fr/en/events/%f0%9f%8e%b8-concert-rock-stone-everlong-%f0%9f%8e%b8/"> <span class="screen-reader-text">🎸 Concert Rock – Stone Everlong 🎸</span> Read More &raquo;</a></p>

<!-- This site is optimized with the Yoast SEO plugin v27.5 - https://yoast.com/product/yoast-seo-wordpress/ -->
<title>🎸 Concert Rock – Stone Everlong 🎸 - Le Hangar Zéro</title>
<meta name="robots" content="index, follow, max-snippet:-1, max-image-preview:large, max-video-preview:-1" />
<link rel="canonical" href="https://lehangarzero.fr/en/events/🎸-concert-rock-stone-everlong-🎸/" />
<meta property="og:locale" content="en_US" />
<meta property="og:type" content="article" />
<meta property="og:title" content="🎸 Concert Rock – Stone Everlong 🎸 - Le Hangar Zéro" />
<meta property="og:description" content="🎸 Concert Rock – Stone Everlong 🎸 À l’occasion de la Fête du Hangar, venez vibrer au son du rock avec Stone Everlong ! 🗓 Vendredi 20 mars 🕘 De 21h30 à 23h 📍 Au Hangar Zéro &#8211; Le Havre Préparez-vous pour une soirée énergique avec ce groupe de rock qui va faire monter l’ambiance &hellip; 🎸 Concert Rock – Stone Everlong 🎸 Read More &raquo;" />
<meta property="og:url" content="https://lehangarzero.fr/en/events/🎸-concert-rock-stone-everlong-🎸/" />
<meta property="og:site_name" content="Le Hangar Zéro" />
<meta property="article:modified_time" content="2026-03-11T16:15:40+00:00" />
<meta name="twitter:card" content="summary_large_image" />
<meta name="twitter:label1" content="Est. reading time" />
	<meta name="twitter:data1" content="1 minute" />
<script type="application/ld+json" class="yoast-schema-graph">{"@context":"https:\/\/schema.org","@graph":[{"@type":"WebPage","@id":"https:\/\/lehangarzero.fr\/events\/%f0%9f%8e%b8-concert-rock-stone-everlong-%f0%9f%8e%b8\/","url":"https:\/\/lehangarzero.fr\/events\/%f0%9f%8e%b8-concert-rock-stone-everlong-%f0%9f%8e%b8\/","name":"🎸 Concert Rock – Stone Everlong 🎸 - Le Hangar Zéro","isPartOf":{"@id":"https:\/\/lehangarzero.fr\/#website"},"datePublished":"2026-03-11T16:15:27+00:00","dateModified":"2026-03-11T16:15:40+00:00","breadcrumb":{"@id":"https:\/\/lehangarzero.fr\/events\/%f0%9f%8e%b8-concert-rock-stone-everlong-%f0%9f%8e%b8\/#breadcrumb"},"inLanguage":"en-US","potentialAction":[{"@type":"ReadAction","target":["https:\/\/lehangarzero.fr\/events\/%f0%9f%8e%b8-concert-rock-stone-everlong-%f0%9f%8e%b8\/"]}]},{"@type":"BreadcrumbList","@id":"https:\/\/lehangarzero.fr\/events\/%f0%9f%8e%b8-concert-rock-stone-everlong-%f0%9f%8e%b8\/#breadcrumb","itemListElement":[{"@type":"ListItem","position":1,"name":"Accueil","item":"https:\/\/lehangarzero.fr\/"},{"@type":"ListItem","position":2,"name":"Évenements","item":"https:\/\/lehangarzero.fr\/events\/"},{"@type":"ListItem","position":3,"name":"🎸 Concert Rock – Stone Everlong 🎸"}]},{"@type":"WebSite","@id":"https:\/\/lehangarzero.fr\/#website","url":"https:\/\/lehangarzero.fr\/","name":"Le Hangar Zéro","description":"Le laboratoire de la transition écologique et citoyenne","publisher":{"@id":"https:\/\/lehangarzero.fr\/#organization"},"potentialAction":[{"@type":"SearchAction","target":{"@type":"EntryPoint","urlTemplate":"https:\/\/lehangarzero.fr\/?s={search_term_string}"},"query-input":{"@type":"PropertyValueSpecification","valueRequired":true,"valueName":"search_term_string"}}],"inLanguage":"en-US"},{"@type":"Organization","@id":"https:\/\/lehangarzero.fr\/#organization","name":"Le Hangar Zéro","url":"https:\/\/lehangarzero.fr\/","logo":{"@type":"ImageObject","inLanguage":"en-US","@id":"https:\/\/lehangarzero.fr\/#\/schema\/logo\/image\/","url":"https:\/\/lehangarzero.fr\/wp-content\/uploads\/2022\/02\/cropped-cropped-logo-hz-blanc-1536x977-1.png","contentUrl":"https:\/\/lehangarzero.fr\/wp-content\/uploads\/2022\/02\/cropped-cropped-logo-hz-blanc-1536x977-1.png","width":"1536","height":"977","caption":"Le Hangar Zéro"},"image":{"@id":"https:\/\/lehangarzero.fr\/#\/schema\/logo\/image\/"}}]}</script>
<!-- / Yoast SEO plugin. -->

🎸 Concert Rock – Stone Everlong 🎸 - Le Hangar Zéro

🎸 Concert Rock – Stone Everlong 🎸 À l’occasion de la Fête du Hangar, venez vibrer au son du rock avec Stone Everlong ! 🗓 Vendredi 20 mars 🕘 De 21h30 à 23h 📍 Au Hangar Zéro &#8211; Le Havre Préparez-vous pour une soirée énergique avec ce groupe de rock qui va faire monter l’ambiance &hellip; 🎸 Concert Rock – Stone Everlong 🎸 Read More &raquo;

Le Hangar Zéro

Évenements

Le laboratoire de la transition écologique et citoyenne
